he highest common divisor of i and 26?
13
Let y(q) = -10*q + q**2 + 0*q - 160 + 33*q - 11*q. Let z be y(-22). Calculate the highest common factor of 24 and z.
12
Let k(y) = y**3 - y**2 - 34*y + 210. Let g be k(0). Calculate the highest common factor of g and 960.
30
Let t(y) = 32*y**2 + 185*y - 21. Let j be t(-7). Calculate the greatest common divisor of j and 196.
28
Suppose -2*t - 544 = -26*y + 22*y, -t + 680 = 5*y. What is the greatest common divisor of 8296 and y?
136
Let h be (23/(-207))/(1/(-6792)) - 2/(-6). Calculate the greatest common divisor of 453 and h.
151
Suppose 0 = 124*s + 12*s - 53584. Calculate the greatest common divisor of s and 6.
2
Suppose -101*o + 93*o + 240 = 0. What is the greatest common factor of o and 2025?
15
Suppose -4*d = -3234*q + 3238*q - 2660, -q + 645 = -3*d. Calculate the greatest common divisor of q and 561.
33
Let t be 5/((-10)/(-4)) + (-2 - -4). Let j be (-36)/(t/(-6)*63/28). Calculate the greatest common factor of j and 36.
12
Let v = 6669 + -5096. Calculate the greatest common factor of 121 and v.
121
Suppose 5*f = 3*j + 1, 5*j - 6*j + 5*f = 17. Suppose 4*v = j*w - 5*w + 426, 114 = v + 3*w. Calculate the highest common divisor of v and 24.
12
Suppose -6*s + 213 = -1440 - 4779. Calculate the highest common divisor of s and 16.
16
Suppose -228*j + 105352 + 31539 = 24487. What is the greatest common divisor of 377 and j?
29
Let j = -7395 + 7431. Let r be ((-26)/5)/((-2)/110). Suppose -5*s = -4*x - 1246 - 198, 0 = -s - 2*x + r. What is the greatest common factor of s and j?
36
Suppose -11*c - 6 = -380. Let s be (44 - -2)/(1/17). Calculate the highest common divisor of c and s.
34
Suppose -51 + 33 = -3*f. Suppose f*y = 3*y + 123. Calculate the highest common factor of 328 and y.
41
Let g be (-2)/2*1 - 7/(-1). Let f = g - -9. Suppose -103*u = -96*u - 945. What is the greatest common divisor of f and u?
15
Let m be (-10)/(-35) - (-226)/(-7). Let h = 78 + m. Suppose -10*a = -206 + h. What is the greatest common factor of a and 32?
16
Suppose -2*o - 14 = -3*u - 7*o, u - 6 = -o. What is the greatest common divisor of 188 and u?
4
Suppose 4*f + 144 = 8*f. Let a be -1 - 4/6*-6. Let x be a/(-5) - (-651)/35. What is the greatest common factor of x and f?
18
Let r = 1023 + -603. Let o = -580 - -595. Calculate the highest common divisor of o and r.
15
Let k = -116 - -26. Let o be (15*-1)/(((-33)/k)/(-11)). Suppose -16*n = -22*n + o. What is the greatest common factor of n and 10?
5
Let o(t) = 7*t + 0*t**2 + 90 + 49 + 7*t - t**2. Let g be o(20). Calculate the greatest common factor of 76 and g.
19
Let w(d) = -666*d + 9564. Let c be w(14). What is the highest common factor of c and 560?
80
Suppose -5*p + 3*h - 5*h + 156 = 0, 0 = -p - 4*h + 24. Suppose -4*m = -3*m - 8. Let n be p/18 + m/36. Calculate the highest common divisor of 22 and n.
2
Let w = 28847 + -14516. What is the highest common factor of w and 102?
51
Let a be 33/(-187) - 150210/(-85). What is the greatest common factor of a and 93?
93
Suppose 0 = -58*l + 51*l - 9128. Let o = l - -2172. Calculate the greatest common factor of 28 and o.
28
Let j = 2 - 1. Let q be -3*92/(-24) - (-4)/(-8). Let y = 18 - q. Calculate the greatest common divisor of y and j.
1
Let i be (-14 - -12)/((-40)/1940). What is the greatest common divisor of 34241 and i?
97
Let v be 10/(-6)*(39 - 3). Let h(l) = l**3 - l**2 - 4*l - 2. Let g be h(5). Let i = g + v. Calculate the greatest common divisor of 2 and i.
2
Let j = 11884 - 9796. What is the greatest common divisor of 99 and j?
9
Let w = 678 + -1046. Let r = -362 - w. What is the greatest common factor of r and 8?
2
Suppose -10*n = -3*n - 308. Let c = 71 - n. What is the highest common divisor of 3 and c?
3
Suppose -4 = -x + 25. Suppose 0 = 41*m - 99*m + 1682. Calculate the greatest common factor of m and x.
29
Let b = 11 + 3. Let y = -70 - -66. Let x be (-309)/(-9) - 1*y/6. What is the highest common factor of b and x?
7
Let y(a) = -9*a**3 - 6*a**2 - 10*a + 12. Let w be y(-6). What is the highest common divisor of w and 10?
10
Let m = 253 + -239. Let s be (216/m)/(3 + (-95)/35). Calculate the highest common factor of s and 4.
2
Let z = -16 - -37. Suppose -4*n + 6*n + 2*d = 104, 4*n - 2*d = 238. Let t = n + 48. Calculate the highest common factor of z and t.
21
Let n = -25335 - -25783. What is the highest common factor of n and 10528?
224
Let b be -2*((-1)/(-2))/(1/1). Let l be 0 + (3/b - -2)*0. Suppose -28 = -3*g + 2*s, 5*g + l*s + s = 25. What is the highest common factor of 6 and g?
6
Let k = -10 + 23. Let o be (-4)/(-6)*(k + -1). Suppose o*p = 2*p + 156. Calculate the greatest common factor of p and 26.
26
Suppose -251*m - 46*m = -793881. What is the highest common factor of m and 429?
33
Let r(t) = -2*t**2 + 21*t + 13. Let k be r(11). Suppose 4*y + 2*q - 994 = -q, y - k*q - 254 = 0. What is the greatest common factor of y and 20?
10
Let r(i) = -53*i + 167. Let n be r(-11). What is the highest common factor of n and 60?
30
Suppose -28*c = -25*c + 21. Let m(a) = -a**2 - 13*a - 6. Let d be m(c). Suppose 33*h + 264 = d*h. What is the greatest common factor of h and 8?
8
Let h(g) = -13*g**2 - 405*g + 24. Let i be h(-31). What is the highest common factor of i and 7697?
43
Let t = 532 - 821. Let q = t + 527. What is the greatest common factor of q and 14?
14
Let w(m) = -m**3 + 18*m**2 - 6*m + 59. Let h be w(18). Let r be 5/1*h/(-7). Calculate the highest common divisor of r and 5.
5
Let p = 14605 + -3073. Calculate the highest common divisor of p and 24.
12
Suppose 2*z + 2*z + 5 = b, -2*z + 5*b = 25. Suppose z = -11*y + 50 + 27. Calculate the greatest common factor of y and 329.
7
Suppose -4*u = 2 - 18. Suppose -b - 79 = -5*m, u*m - b - 59 = 5. Let c(v) = 14*v - 38. Let h be c(7). Calculate the greatest common factor of h and m.
15
Suppose 0 = 4*a + 17*d - 16*d - 2507, -2*d - 10 = 0. Suppose 4*r = -49*y + 48*y + 151, -4*y = 4*r - a. Calculate the greatest common divisor of 106 and y.
53
Let u = 14 + -2. Let p(r) = -2*r**2 - 36*r + 2148. Let k be p(-42). Calculate the highest common factor of u and k.
12
Suppose -s + 27 = -f - 5, 0 = -s - 3*f + 32. Let j = 223 - 154. Let p = -37 + j. What is the greatest common factor of s and p?
32
Let i = -433 - -511. Let y be (i + -89)/(1*(-1)/128). What is the highest common factor of y and 44?
44
Let p = -3462 - -3494. What is the greatest common factor of p and 148?
4
Suppose 3*m = 3*n - 57939, -179*m = -4*n - 183*m + 77308. What is the highest common divisor of n and 56?
56
Let w be 2/(-5) - 138/5. Let z = 52 + w. Let l be 855/z - (-9)/24. What is the highest common factor of l and 12?
12
Let d = -49827 + 81655. Calculate the greatest common divisor of d and 292.
292
Let y(b) = -b**3 - 92*b**2 - 195*b - 626. Let d be y(-90). What is the greatest common factor of 72 and d?
4
Suppose 7*i = 24*i - 204. Let h be 90*(56/i - 4). Let s = 17 - 2. Calculate the greatest common factor of h and s.
15
Let t(h) = 39*h - 308. Let q be t(8). Suppose -q*i = 3*o - 93, -5*o + 29 = 28*i - 26*i. What is the highest common factor of 18 and i?
9
Let k be ((-24)/(-15))/(14/(-35)). Let b be (-9)/((-99)/86) - k/22. Suppose b*l + 108 = 10*l. Calculate the greatest common factor of 27 and l.
27
Let y = 1433 - 1403. Suppose 0 = -5*n + 346 + 329. Calculate the greatest common divisor of y and n.
15
Suppose 18*i + 2244 = 20*i + 3*q, -5*i + 5635 = -5*q. What is the highest common divisor of 72 and i?
9
Let o = 37 + -33. Suppose -5*g + 10 = -2*w - 2*w, 0 = -o*g - 2*w - 18. Let u be 3/g*((-15)/9 + -1). What is the highest common factor of u and 28?
4
Let q(u) = -2*u**3 - 10*u**2 - 7*u + 3. Let i be q(-6). Suppose 2*h - 68 = -h + 5*b, 0 = -4*h - 4*b + 112. What is the highest common factor of i and h?
13
Suppose 18*t + 2864 = -3256. Let o = -275 - t. Calculate the highest common factor of 715 and o.
65
Suppose -11*w - 8*w = 0. Suppose 0 = 2*g - 6, -2*q + 5*g + 61 = -w*q. Calculate the greatest common divisor of q and 38.
38
Suppose -5*t + 82 = 2*z, 2*t = 5*z - 3*t - 135. Suppose -z = -4*v + 221. What is the highest common factor of 7 and v?
7
Suppose 7 = -p + 10. Suppose -6*k = p*k - 54. Calculate the greatest common divisor of 4 and k.
2
Let a(k) = 4*k**2 + k + 24. Let y = 70 - 75. Let s be a(y). What is the greatest common